1 + 25 - 2?
17
Evaluate 9 - 2 - ((1 - (-1 - 7)) + -8).
6
What is -60 - -48 - -5 - (-2 + (-2 - 2))?
-1
Evaluate (-272 - -266) + 0 + (16 - 2).
8
(18 - 9) + (0 - -4) + 11 + -12
12
Evaluate 20 - (48 - (0 + 23)).
-5
Evaluate 2 - -6 - (-89 - -86).
11
Evaluate 2 + -2 + -13 - -11.
-2
What is -22 - (-8 + (1 - (-8 + 6)) + -1)?
-16
Calculate -13 + -4 - (125 + -146).
4
What is (1 - (0 + -11)) + -12?
0
Evaluate 2 + -3 + (-250 - -260).
9
What is the value of (15 - -2) + -127 + 107?
-3
Evaluate 3 + -5 + (33 + 2 - (2 + -1)).
32
-5 + (16 - ((29 - 13) + 1))
-6
What is the value of (57 + -40 - (-2 + 24)) + (-5 - 1)?
-11
Calculate 1 - 15 - 0 - (34 + 7 + -41).
-14
10 - (4 + 0 + (-39 - -28))
17
What is -16 + 13 + -32 + 3 + 5?
-27
(-1 - 7) + (-23 - (-17 - 7))
-7
Calculate -15 + 0 - (-7 - (10 - 7)).
-5
Evaluate -5 + 3 - -6 - 7.
-3
What is the value of 1 + 11 + -17 - 2?
-7
What is the value of -1 + (20 - 12) + -16?
-9
Calculate 2 + (-2 - -6) + -65 + 61 - 1.
1
What is the value of -10 - 0 - (-15 + 21 - 55)?
39
What is -3 + (4 + -1 - 5) + (-61 - -61)?
-5
What is (-3 + -31 - -11) + 11?
-12
Evaluate -26 - 21 - -72 - (-5 + 0).
30
-4 - 3 - (6 + -8 + -8)
3
Evaluate -9 - (1 - 7 - 2) - -13 - 7.
5
What is (-16 - 0 - (-41 + 18)) + -39?
-32
What is (10 - 5) + 37 + (9 - -5 - 18)?
38
What is 1 + (-61 - -51 - (-31 - (-3 - -3)))?
22
-1 + 2 - (-15 + -5 - (-6 - 1))
14
Calculate (5 + 3 - -8) + -26.
-10
What is -15 + 2 + 1 + -4 + -98 + 95?
-19
-12 - ((-16 - (2 - 16)) + 7)
-17
Evaluate (-20 - (16 - 52)) + -7 + 1.
10
Evaluate (-2012 - -2034) + (1 + 1 - -8).
32
0 + 31 + (0 - 11) - 12
8
Evaluate (9 + -6 - 0) + 4.
7
Calculate (21 - (10 + 16)) + 10.
5
What is 25 + 0 - (38 - 32 - 8)?
27
Calculate (0 + -3 - (-58 - -66)) + 0.
-11
What is (51 - 64) + 12 + -1?
-2
What is 3 + (7 - 6) - ((-2 - 0) + -9)?
15
26 - 20 - 18 - 2
-14
What is the value of 4 + (-154 + 147 - (-5 - (0 + 0)))?
2
0 + -4 + -3 - -11
4
Calculate 5 + 15 + -5 - (6 + -7) - 1.
15
Calculate -13 + 11 + 8 - 19 - (-2 - -1).
-12
What is the value of 103 - (48 + 3) - (20 - 0)?
32
Evaluate 59 - 54 - (19 + 0).
-14
What is (13 - 3) + 1 + 12 + -1 + 2?
24
-203 + 191 - ((-2 + -44 - 5) + 1)
38
What is the value of -12 + 25 + -12 + -3?
-2
Calculate -4 + (2 - (3 + 5)) + 10.
0
Calculate (-16 - -11) + 14 + -13 - (-1 + 0).
-3
What is the value of 1 - (-1 + 1) - (2 + -5) - -6?
10
Evaluate 30 + (-11 - 24) + -14.
-19
-7 + -3 - (14 + -32)
8
(6 - 1) + (-260 - -273) + (-1 - 21)
-4
What is -5 - (2 - 11 - (-4 - (3 - 1)))?
-2
Calculate -4 + (-2 + 7 - (-19 + 15)).
5
Calculate 0 - -5 - 40 - -26.
-9
Calculate 0 - -2 - (11 + (2 - -2) - -2).
-15
What is -11 + (1 + (9 - (12 + -9)) - 6)?
-10
(3 - 1) + 1 + (3 - 11)
-5
Evaluate (-1 + -2 - (266 + -282)) + 4.
17
What is the value of 15 - (-3 + 0 + (-12 - -41))?
-11
Evaluate -6 + (16 - 30) - -13.
-7
What is 1 - 19 - (-10 + -8)?
0
Evaluate -60 + 38 - (-12 - -1) - (-10 - 33).
32
What is the value of -38 - (-28 - (8 - 16))?
-18
(-19 + -8 - -13) + 3 + 1 + -3
-13
What is the value of 1 + -9 + 7 + (4 - 7) + -9?
-13
Calculate -2 - -2 - (16 + (-7 + 12 - 16)).
-5
764 + -768 + (-1 - -2) + 2
-1
What is the value of 0 + (-9 - -5 - -12)?
8
Calculate (-8 - 1) + 15 + 4 - 34 - 10.
-34
What is the value of -214 - -198 - (-5 + -18 - -5)?
2
What is the value of -5 + 1 + (26 - 17 - 16)?
-11
What is the value of -2 + 1 + (12 - 4)?
7
What is -12 - (-10 - 11) - (-2 + 3 + 1)?
7
Calculate 79 - (95 - 12) - (10 - 1 - 1).
-12
(-4 - (8 - 14)) + -7 - -14
9
Evaluate -15 + 35 + 7 + -9.
18
Evaluate -96 - -81 - (-1 - 20).
6
Evaluate 4 + (-4 + (10 - 6) - 7) - 0.
-3
15 + (-27 - -6) - -16
10
What is -119 - -123 - (-8 + -2 + 2)?
12
What is the value of -630 + 621 + -6 + -1?
-16
What is -14 + (-14 - -8) + 15?
-5
What is the value of -13 - -33 - (6 + 1)?
13
What is the value of 16 + (-20 - 0 - -1)?
-3
What is the value of 2 + (1 - (-4 - -3) - -4)?
8
What is -6 + -9 - (-126 - -99)?
12
Evaluate (-8 - (-7 + (-9 - -5) + 3)) + -5.
-5
Evaluate 13 + 14 + -17 + 1 + -3.
8
Calculate -17 + 4 + 0 + 2 - (-2 + -16).
7
-7 - (51 + -65 + (5 - -1))
1
Evaluate 14 - ((0 - 17) + 18).
13
What is -6 + 3 - -12 - (-50 - -55)?
4
Calculate 7 - (-42 + -1 + 20).
30
What is (-1 - (-4 - -3)) + -7 - (1 - 2)?
-6
Evaluate 0 - ((4 - -13) + -6 + -3).
-8
What is the value of -13 - (8 - (11 + -4 + (-6 - -15)))?
-5
Calculate (-1 - -1) + (0 - (-1 + -2 - 5)).
8
Evaluate 13 + (-9 + 9 + (2 - -1) - 8).
8
What is the value of -7 + 9 + 30 + -20?
12
What is the value of (-1 - (-4 - -1)) + (-6 + -1 - -15)?
10
Evaluate 1 + (-9 - -1) + (-68 - -87).
12
Evaluate 0 - 18 - (-11 + -3 - (3 - 11)).
-12
-3 - (10 - (3 + (-1 - -3)))
-8
What is the value of 9 + -6 + (-8 - 1) + -164 + 172?
2
Calculate (-4 - -9 - 10) + 5 + 9 + -9.
0
Evaluate (-2 - 20) + (-11 - -42).
9
Evaluate (0 - 1) + (-162 - -172).
9
What is 49 - (7 + (6 - -19 - 16))?
33
Evaluate 21 + (-2 - 0 - 11).
8
-3 + (9 - (-2 + (-3 - -6)))
5
Calculate 3 - (18 + -7) - ((-5 - -5) + -8).
0
Calculate (13 - (5 + -2 + 8)) + -22.
-20
What is (-12 - -11 - 12) + 4 - 8?
-17
What is 8 - (-2 + 4 - (3 - -3)) - 3?
9
What is (5 - (12 + -7 - 9)) + -9 - -4?
4
Calculate 1 + -3 + -8 + -12 + -6 + 52.
24
What is -1 + 2 - 15 - (618 + -625)?
-7
What is the value of -2 + (4 - (-3 + 14)) - -6 - -9?
6
What is the value of 26 + -17 - (-5 + 1 - (8 + -22))?
-1
-13 + (12 - (-6 + 13))
-8
What is the value of -12 + 2 + 19 - 26?
-17
What is the value of (-9 - (6 + -7)) + 4 - (-7 - -5)?
-2
Evaluate (-2 - (0 - -4)) + -1 + (-5 - -9).
-3
What is -16 + (28 - 22 - 4)?
-14
What is 13 + -71 + 32 - (3 + -1) - -7?
-21
What is the value of -8 + -19 - -5 - -31?
9
What is the value of -3 + 6 - (11 + 4 + -6)?
-6
Evaluate (7 + -32 - -6) + (7 - -3).
-9
What is (-85 - 5 - -32) + 31?
-27
What is the value of (-8 - 1) + -3 + 2 - (-38 - 1)?
29
Calculate 20 - (-45 + 24 - -33).
8
-20 + 17 + (-7 - (-1 - 4))
-5
Evaluate 15 + -9 + (-32 - -15).
-11
What is the value of -8 + -1 - ((18 - -4) + -20)?
-11
Evaluate -17 + 14 + 11 - 6.
2
What is the value of (4 - -9) + -33 + 9?
-11
Evaluate -79 - -74 - (1 + -3 + 4 - 21).
14
Calculate -9 - (-21 + -4 + 10).
6
Calculate 22 - ((18 - 15) + -12 - -12).
19
45 + -42 - (-1 - (-3 + 2) - -14)
-11
60 + -35 - (6 - 3)
22
What is 15 - 3 - (11 - (16 + -1))?
16
(-6 - -1) + 9 + -1
3
Calculate (0 - (1 - 1)) + (15 - (-4 - -14)).
5
Evaluate (24 - 14) + (4 + 1 - 0) + -32.
-17
What is (-3 - 0) + (11 - -2) - 7 - 4?
-1
What is -23 - (9 - 8 - 35)?
11
Calculate -8 + 14 + -14 + (-14 - (-8 + 4)).
-18
Evaluate -16 + -4 + -29 + 35.
-14
What is the value of ((-7 - -1) + 2 - (81 + -75)) + 9?
-1
What is 25 + (-15 - ((-20 - -20) + -5))?
15
What is 3 + (1 - 3 - -5 - (-1 - 0))?
7
What is the value of -6 + 5 + (6 - (19 - 9))?
-5
Evaluate 4 + (11 - (6 + 0)) + 2.
11
What is the value of -4 + (-5 - 0) + (-8 - -2) + 17?
2
Calculate 6 + 2 - (56 - 86) - 0.
38
-9 + 14 + -24 + 13
-6
What is (1 - -3) + (1 - 13 - 5)?
-13
(-25 + 13 - -4) + 11
3
What is the value of (3 - (-10 - -19)) + 15 + (-23 - -2)?
-12
(0 - -30) + (10 - (5 - -13) - 2)
20
What is the value of -18 + 49 + (5 - 8) - 15?
13
Evaluate 2 - (1 - 6) - 10.
-3
-31 + 3 + 9 + 5
-14
What is the value of -5 - (10 - (0 - -5))?
-10
What is -3 - ((1 - -5) + 7) - (-1 + -7)?
-8
What is -20 - -12 - (-4 - (12 - 1))?
7
What is (43 - 28 - (0 - -14)) + 15?
16
63 - 95 - (-1 - 16)
-15
(40 - 2) + 363 + -400
1
Evaluate (2 + -8 - -14 - 19) + -10.
-21
-2 + -8 - (14 + -1 + -16 + 9)
-16
What is the value of 0 - (6 + (-7 - (-6 + 7 + -8)))?
-6
What is -4 - (-15 + 9 + 3 + 2 + 0)?
-3
What is 10 + (16 - -2 - 20 - -16)?
24
What is (17 - (7 + 7 + -5) - 8) + -2?
-2
Evaluate 9 - (8 - 7) - (11 - 1 - 2).
0
Evaluate 40 - 71 - -17 - -32.
18
Calculate -20 + 39 + -25 + (5 - 1).
-2
What is (131 - 113) + (-39 - 9)?
-30
Evaluate 0 - 5 - (0 - -3 - (274 - 297)).
-31
-4 + -26 - (151 + -182)
1
Calculate -1 + -7 - (-58 + 44).
6
Calculate (-8 - 0) + 2 - (0 - (-4 - -1)).
-9
What is (1 - -7) + (16 - -3) + 0 + -9?
18
Evaluate (-1 + -2 - (-4 - -7)) + -31 + 17.
-20
What is -46 - -38 - (-1 + -10) - 20?
-17
(-6 - -29) + (2 - -11) + -7
29
What is (22 - (-32 + -16)) + -36?
34
What is -2 - (-5 - (6 + -1 - 14 - -6))?
0
What is 210 - 209 - (0 + 12)?
-11
What is -2 + 2 + (13 - 6 - -3 - 12)?
-2
What is -8 + (2 + -3 - (-10 + 0)) - 19?
-18
Evaluate (8 - (4 + 0)) + 1 + -11.
-6
What is 4 + -2 - (-6 - -4) - -10?
14
What is (2 - -9